 (-1 - 0) + 11?
2
What is (20 - (6 + -8)) + (11 - 19)?
14
Calculate 5 - (-43 - (-9 + -15)).
24
What is the value of -15 + -4 + 0 + 10 - (1 - 2)?
-8
What is the value of 0 + -2 + -4 + 2?
-4
26 - 15 - (16 - 6)
1
-7 + 14 + -3 + 5 + 2
11
Evaluate 25 - (0 + -1 + 2 + 8).
16
Calculate 9 + (-2 - (-7 - (-10 + 6))) + 7.
17
What is the value of 2 - (-4 + 0 + (-1 - -1 - -4))?
2
Calculate (-5 + -3 - (-22 - -9)) + 15.
20
What is 14 - (2 + 19) - -13?
6
What is the value of 1 - (-8 + 4 + 1)?
4
What is the value of 2 - -15 - (77 - 18 - 7)?
-35
Evaluate (-11 + 9 + -7 - -8) + (7 - 1).
5
-7 - -16 - (-4 + 6) - 37
-30
Evaluate (10 + -10 - 3) + (1 - (0 + -2)).
0
Evaluate -13 - (-16 - -2) - -1.
2
What is the value of 9 + (8 - 23) - -14?
8
What is 3 + -4 - (7 - 14)?
6
(-40 - (-44 - -29)) + 42
17
Evaluate (-10 - -6) + 1 - (-5 - (0 + 2)).
4
What is -6 - (10 + -1 + -68 + 63)?
-10
What is the value of 4 + -3 + -1 + 74 + -83?
-9
-37 + (1 - (-32 - -15))
-19
Evaluate 5 + -1 + (29 - (-11 + 48)).
-4
18 - -23 - 50 - -42
33
Calculate (7 - 12) + (-1 + 3 - 8) + 30.
19
0 - -11 - (30 + -58 + 49)
-10
What is the value of -14 + (40 - 24) - -10?
12
What is -11 + (2 - 4) - ((21 - 4) + -24)?
-6
What is the value of 13 - (-61 + 69 + 2 + -9 + 1)?
11
What is -1 + (-30 - -9) + (6 - 12 - -9)?
-19
What is the value of 0 - (29 + -19 + -2)?
-8
Calculate 14 + 2 + -11 + -9.
-4
5 - (12 - (1 + 14))
8
Calculate 5 + -10 + (0 - -14) - 9.
0
What is the value of -1 + -7 + (-5 - (-27 + 11 - -5))?
-2
(-3 - -4 - 5) + (3 - 1) - 12
-14
What is (17 - (11 - 4)) + (0 - -15)?
25
Evaluate 7 - 3 - (-60 - -55).
9
-4 + 0 + 11 + -7 - -6
6
What is the value of -7 - (7 + -22 + 17)?
-9
Evaluate 68 + -56 + 5 + 5 + (-1 - 2).
19
Evaluate -9 + 2 + (1 - -5) - (-6 + 1).
4
Calculate 11 + (-10 - (13 + -34 + (0 - -1))).
21
Evaluate 9 + 0 + (4 - 10) + 2 + -10.
-5
Calculate (-6 - (-5 - -8)) + (-12 - -11) + 30.
20
Calculate (-8 + -1 - (53 - 57)) + -15.
-20
Calculate (-7 + -3 - (26 - 34)) + (14 - 9).
3
What is the value of 13 + (1 - 2 - 1)?
11
What is the value of 4 - (-15 + 27 + 6 + -22)?
8
Calculate 7 + -11 + 1 + 1 + -2.
-4
Calculate 0 - (-5 + -7) - 6 - 21.
-15
What is the value of -5 - (-17 + -11 + 16 + 13)?
-6
Evaluate (3 + -2 - 6) + 19 + (-6 - -8).
16
What is (-2 - -5) + 6 + -65 + 46?
-10
Calculate (-3 - (2 - 9)) + -89 + 80.
-5
22 + -18 - 10 - (-4 + -27 + -4)
29
Calculate (2 - -3) + -2 + 3 + -6 + -10.
-10
22 + 5 + (3 - (16 - 2))
16
Calculate 14 + (14 - (-11 - -26)).
13
(-10 - -9) + -2 - (-2 - 0)
-1
Calculate -8 - (-6 - ((-3 - 2) + 4 - 2)).
-5
0 - 6 - (98 - 118)
14
-12 - -5 - (-2 - (6 + -1 + -2))
-2
What is 12 + 71 + -10 + -35?
38
Calculate -5 + 7 - (1 - 2 - -5 - -5).
-7
What is the value of 5 + 6 + (9 - (24 + -9))?
5
Evaluate 27 - 21 - ((-2 - -3) + 0 + -3).
8
-2 + 16 + (-4 + 9 - (2 - -8))
9
Evaluate -3 + 15 + 29 + -29.
12
What is the value of 4 + -9 + -3 + 8 - -10?
10
Evaluate -23 - (-221 + 236 - (0 - -19)).
-19
What is the value of (10 - 20) + (-16 - -7) + 12 + 1?
-6
What is (0 - (0 - -3)) + (18 - 39 - -29)?
5
What is the value of 46 + -44 - (-2 + 13) - (-13 + 2)?
2
7 + (1 - (6 - 12 - -5)) + 16
25
Evaluate (-9 - -15) + (-10 - (2 + -4)).
-2
What is the value of -3 + (-5 + 5 + 7 - (7 - 16))?
13
22 - -31 - 28 - 7
18
What is the value of -6 + 2 + 29 + -17 - -7?
15
What is the value of -20 + (23 - 2) + -6?
-5
Evaluate (7 - (2 - -11)) + 8 - 0.
2
Evaluate 12 + -38 + 31 + -9.
-4
(16 - 44) + (22 - 27)
-33
Calculate -2 - (10 - 26 - -24).
-10
64 + -128 + 82 - (0 + -2 + 13)
7
What is the value of 0 + (-2 - 10) - (-25 + 26 + 8)?
-21
What is 0 - 0 - (-14 + 2)?
12
11 + (11 + -11 - (-1 + -1 + 1))
12
-2 + (-1 - -8) + -4
1
11 - 7 - 10 - (5 + -17)
6
Calculate (13 - (14 - 22)) + (4 - 13).
12
What is the value of -143 + 137 - (-1 - -32)?
-37
Calculate -5 + (14 - -3) + -14.
-2
5 + -5 - -2 - (-38 - -33)
7
What is -20 - -7 - -12 - 5?
-6
What is the value of (-5 - (-2 - (-2 + 7) - -5)) + -7?
-10
Calculate 14 + ((-8 - -15) + (6 - 1) - 5).
21
What is 15 - 0 - (-35 + 30 + 7)?
13
What is 14 + (-17 - -5) + 27?
29
Calculate 7 + 1 - (1114 - 1125).
19
Evaluate 23 - (-5 + (-19 - -31)).
16
-11 + -5 + 9 + -3
-10
-7 - (-5 + -1 + -2 + 8) - 5
-12
What is (0 - -3) + -7 + 2 + -37 + 56?
17
Calculate 9 - (4 + 13 - (2 - -1)).
-5
-43 + 44 - (0 - -2)
-1
-5 + 0 + (-74 - -69 - (-1 + -9))
0
Calculate -1 - -12 - (-14 + -21 + 28).
18
Evaluate 20 - -9 - 1 - 12.
16
Evaluate (26 - (-14 + 25)) + -15.
0
1 - (0 + -5 - -17) - 5
-16
Evaluate 1 - (26 - (-26 + 17 - (-1 - 5))).
-28
Evaluate 16 - ((-2 - -8) + (-1 - 1)).
12
Evaluate 15 - (5 - 1 - -2) - (-5 + 31).
-17
Evaluate 17 + 0 + -5 + 2 + 10 + -6.
18
Calculate 7 + 5 + -5 + -3 + 18 + -10.
12
Evaluate -2 - (1 + -2 + (30 - 24)).
-7
What is the value of (-26 + 27 - -9) + 0 + -6?
4
What is (12 - 4) + -11 + 10?
7
What is -233 + 263 - (8 - (6 + (-3 - 0)))?
25
What is (5 - (-13 + -14)) + -47?
-15
Evaluate -2 + (24 - -12) + -22.
12
Evaluate (0 + -2 - 0) + (1005 - 1014).
-11
What is the value of (-7 - (-12 - -10) - 2) + 9?
2
Evaluate 7 + (-17 - (1 + -1) - (-112 - -113)).
-11
Evaluate -15 + (-7 + 1 - -18).
-3
Evaluate (35 - 31) + (-5 - -10) + -5.
4
What is the value of ((-10 - -8) + 8 - 3) + 0?
3
Calculate -4 - (-1 + -5 + 6).
-4
What is 1 - (-1 - (-2 + -13)) - -16?
3
(0 - 1) + (-15 - -30)
14
Calculate (-11150 - -11160) + (1 - (1 - 1) - -9).
20
Evaluate -11 + -4 - -39 - -7.
31
Calculate 13 + (-25 - -8) + 8 + 0 - -1.
5
Evaluate 9 + 9 + 0 + 0 + -21 - 23.
-26
What is the value of -14 + -24 + 31 + 18?
11
What is the value of 12 - 4 - 16 - (7 - 7)?
-8
Evaluate -8 + 0 + 97 + -91 - (0 - -4).
-6
What is (-7 - -12) + -8 - 10?
-13
What is the value of -16 - -1 - (-19 - -2)?
2
Calculate 330 + -314 + (14 - -1) + -4.
27
(18 - 32) + (2 - -17) + -22
-17
What is 0 + 21 - ((-51 - -27) + 47 - 28)?
26
What is (-4 - -21) + -48 + 17?
-14
Calculate -6 - -31 - 13 - 7.
5
What is the value of 334 - 389 - (1 - 39)?
-17
What is the value of 2 - (3 + -4) - -3 - 6?
0
Calculate -11 + -5 + 13 + 10 + -1.
6
(3 - 6) + (17 - 26)
-12
What is 2 + (2 - 5) + (-167 - -178)?
10
What is 0 - (1 - 8 - (-22 - -8))?
-7
Evaluate (19 - (-3 + 19)) + -8 + -2.
-7
Calculate -17 + (-11 - (-15 - 6)).
-7
Evaluate 0 - (-9 - (3 - 1)).
11
Evaluate -3 - 15 - (153 - 138).
-33
What is the value of 20 - (0 - (-2 + 5 + -9))?
14
Calculate 10 + -4 - 4 - 12 - -11.
1
What is -7 - ((9 - (32 + -4 - 3)) + 1)?
8
What is the value of 13 + 10 + -8 + -11?
4
23 - ((-15 - -17) + -2)
23
-19 + (1 - 11 - -15) + -5
-19
Evaluate (-11 - 8) + (0 - (8 - 20)).
-7
17 - (-15 - (-7 - (4 - (3 + -1))))
23
What is the value of -5 + 2 - (-8 - -15) - -5?
-5
-23 + (1 - 11) - (12 - 18) - -2
-25
Evaluate 2 + 1 + (9 - 5) - (-3 + 20).
-10
Evaluate 20 + (2 - -1 - 14) + (13 - 5).
17
What is the value of 40 - 64 - (1 + 3 + (-6 - 1))?
-21
Calculate -7 + 1 + 14 + 5 + -29.
-16
Calculate -1 - -1 - (3 + -2 + -7 + 0).
6
-4 - ((-12 - (6 - 4)) + 0)
10
Calculate -23 - (2 - (7 + 0)).
-18
Calculate (-4 - -6) + 23 + -22.
3
What is -207 + 229 + -5 + -2?
15
What is 146 + -125 - (20 + 0)?
1
-9 + -10 + 7 + (6 - 3 - 5)
-14
(-12 - -8) + -44 + 57
9
Calculate (0 - (0 - 1)) + (6 - 9 - 3).
-5
What is 28 - (18 - 4) - 15 - (0 + -1)?
0
What is the value of 6 - ((-12 - 0) + 94 + -93 - -14)?
3
Evaluate (6 - 1 - (6 + 2)) + 8 + -1.
4
Calculate 153 - 164 - (3 + -1).
-13
270 + -280 + (-1 - -16) + -20
-15
What is the value of 5 + -2 + -1 - (-120 + 127)?
-5
What is the value of -1 + -1 + -5 + 4 - 6?
-9
What is (5 - -5) + 7 - 8 - 10 - -4?
3
Evaluate 1 - -17 - (0 - -3).
15
Calculate 14 - 9 - (15 - 13).
3
What is -2 + -6 - (-2 + (11 + -23 - 6))?
12
What is the value of 5 + (-1 - ((-1 - 3) + -4))?
12
What is 0 + -9 - (187 + -191)?
-5
Calculate -4 - ((0 - -8) + -4) - 0.
-8
Evaluate (10 - (7 - -5)) + (0 - -3) + -5.
-4
Evaluate 2 + 0 + (3 - (1 + 1)) + -10.
-7
(15 - 21) + 13 + -2 + 0
5
-1 + 7 - (6 - (19 - 22))
-3
Calculate -3 + (9 + 6 - 6).
6
17 + 0 - (46 - 47)
18
Evaluate 2 + (4 - 6) + 0 + -10.
-10
Calculate 3 + (1 - -6) + (64 - 94).
-20
What is the value of 299 - 280 - (3 - (3 + -1))?
18
What is (8 + -10 - -27 - 26) + -19 + 0?
-20
What is 4 - ((-13 - (10 + -8)) + (-2 - -8))?
13
Calculate 16 - (17 - ((5 - 2 - 9) + 18)).
11
Calculate 24 + -9 - (-10 + 5 + 10).
10
What is the value of -33 + -21 + 50 + -6?
-10
What is the value of 8 + 1 - ((31 - -1) + -23)?
0
What is 1 + 6 + 5 + -22?
